-9 = -3*y, -n - 38*y = -42*y - 3044. What is the highest common factor of 16 and n?
16
Let m(z) = -z**3 - z**2 - 2*z + 1. Let l be m(-4). Suppose 0 = 10576*p - 10591*p + 1020. Let u = p - l. Calculate the greatest common divisor of u and 88.
11
Suppose -95*o + 93*o + 88 = 0. Suppose 1403 = 4*r + l, -422 = -2*r - 5*l + 257. Calculate the greatest common factor of o and r.
44
Suppose -h + 3*i + 19 = -6*h, -4*h - 3*i = 14. Let s be (10/h)/((-8)/(-44)*-1). What is the highest common factor of s and 33?
11
Suppose 3*v - 251*v + 88147 = -578477. What is the highest common divisor of 7728 and v?
336
Let g = 53 - 59. Let w be g/(-10) + (1 - 46/10). Let d(z) = -5*z**3 - 3*z**2 + z + 3. Let h be d(w). Calculate the highest common divisor of h and 27.
27
Let d be -2*(-6 - (-114)/6). Let z be d/195 - 188/(-60). What is the highest common divisor of 63 and z?
3
Let r = -3773 + 7277. Calculate the highest common factor of r and 16.
16
Suppose -121*v = -339257 + 13646. Calculate the greatest common divisor of v and 78.
39
Let b be (-220)/(-3) - (-60)/90. Let v = -52 + b. What is the highest common factor of v and 198?
22
Let j be 2 - ((-6)/45 - (-2)/15). Suppose 4*a + 44 = j*b, 7*a = 6*a. Calculate the highest common factor of b and 2.
2
Let z(t) = -t**3 - 11*t**2 - 9*t + 18. Let i be z(-10). Let l be (-6 + i)*50 + 0. What is the highest common factor of l and 250?
50
Let u(d) = d**2 + 3*d - 1. Let y(w) = -4*w**2 - 56*w - 21. Let k(r) = -5*u(r) - y(r). Let t be k(40). What is the greatest common divisor of t and 6?
6
Let o(p) = p**3 - 3*p**2 + 7*p - 17. Let g be o(6). Let q = -53 + g. Calculate the greatest common divisor of 220 and q.
20
Let j(w) = w**3 + 21*w**2 - 10*w + 3. Let f be j(-19). What is the greatest common factor of 120 and f?
15
Let g be (110 - 110) + 16/2. What is the greatest common divisor of g and 2780?
4
Suppose 12*a - 4*a = -7*a + 52065. What is the highest common factor of 195 and a?
39
Suppose 0 = 15*v + 4282 - 4447. Suppose 1 = l + 5*k, 2*l + l = -3*k + 15. Let i = -5 + l. Calculate the greatest common factor of i and v.
1
Suppose 1964 = 3*m - 2*x, -m + 5*x + 958 = 325. Suppose -12*u + m + 1646 = 0. What is the highest common factor of u and 6?
6
Suppose 6*m + 20 - 50 = 0. Suppose -m*v + 0*v = i - 74, -5*i = -3*v - 426. What is the highest common divisor of i and 28?
28
Suppose 127*a - 3179 - 5548 = -91. Calculate the highest common factor of 10302 and a.
34
Suppose 5*f = 3*h + 24681, 45*h = 4*f + 40*h - 19737. What is the greatest common factor of 6 and f?
6
Suppose 0 = 31*y - 26*y - 290. Let l = -55 + y. Suppose l*j - 176 = j. Calculate the greatest common factor of j and 8.
8
Let x(g) = 7 - 4*g - 3*g**2 - 4*g**2 - g - g**3. Suppose -20*k = 12*k - 8*k + 144. Let l be x(k). What is the highest common divisor of 5 and l?
1
Let y be (-14)/(-217) - 122/(-31). Let b be (-246)/27*-3 + (-6)/(-9). What is the greatest common divisor of b and y?
4
Suppose -4*p + 3*k + 34 = k, k = -p + 7. Let x(z) = -3*z - 8. Suppose 5*b - 8 + 48 = 0. Let u be x(b). Calculate the highest common factor of p and u.
8
Suppose -4*r = 4*s - 0*r - 20, 5*s - 3*r - 1 = 0. Suppose 0*g - 5*g - s*l = -33, 3*g = -3*l + 18. Calculate the greatest common divisor of 112 and g.
7
Suppose 0 = 85*o - 71*o. Suppose i = -2*a + 211, 457 = -o*i + 2*i - 3*a. Calculate the highest common divisor of i and 13.
13
Suppose -3*i + 2*l = l + 356, 2*i - 2*l = -240. Let d = i + 166. Let q = -94 + 100. What is the greatest common factor of d and q?
6
Suppose -z + 7*q = 3*q - 6122, 4*z - q = 24368. Calculate the highest common divisor of z and 6.
6
Let y = 32 + -30. Let b be 0 - 4 - (y - 8). Let s(o) = 9*o + 6. Let f be s(b). What is the highest common factor of 96 and f?
24
Suppose 673 = -85*m + 7218. What is the highest common divisor of 1199 and m?
11
Suppose -2*h + 2*q = -4, -3*q - 34 = 4*h - 42. Let d(l) = 2*l**2 + 3*l - 1. Let r be d(-3). Calculate the highest common factor of r and h.
2
Suppose -46*q + 97*q - 77010 = -100*q. Calculate the highest common divisor of 12 and q.
6
Let l(s) = s**3 + 8*s**2 - s + 9. Let r(v) = 2*v**3 + 9*v**2 - v + 9. Let i(c) = 3*l(c) - 2*r(c). Let f be i(6). What is the highest common factor of f and 15?
3
Let d(t) = t**3 + 4*t**3 - 6*t**3 - 3*t**2 - 3*t**3 + 2. Let w be d(-2). What is the greatest common factor of 198 and w?
22
Let w = 5902 - 3907. Calculate the highest common factor of w and 315.
105
Suppose 12 = 3*p - 3. Let h be 59 - -1*(30/(-10) - -2). Let j be 1 + h + -2 + p. What is the greatest common factor of 93 and j?
31
Let x = 701 + -694. Suppose 11*a = 4*a + 343. What is the highest common divisor of a and x?
7
Suppose -5*u + 16*k = 10*k - 129076, 0 = -u - 3*k + 25832. Calculate the highest common factor of u and 20.
20
Let f be 336/40 + -4 - (-2)/(-5). Let v be (-330)/(-30) + (1 - (2 - f)). Calculate the greatest common divisor of 112 and v.
14
Suppose 5*l + 4*o - 11 + 55 = 0, -5*o + 80 = -5*l. Let g be 60/(-4)*(1 - (-92)/l). Let r be 10/(3/24*2). What is the highest common divisor of g and r?
20
Let v = -229 + 251. Let h be 2/((-8)/(-122)) + (-11)/v. Calculate the highest common factor of h and 40.
10
Suppose -5*c - 177 = -4*u, -195*u - 204 = -199*u - 4*c. What is the greatest common factor of u and 1600?
16
Let m(f) = -44*f**2 + 9*f**2 - 110*f**3 - 59 + 4*f - 59 + 111*f**3. Let b be m(35). What is the greatest common divisor of b and 396?
22
Let m be 1*(-1 + -2) - (-243 + 200). Let n(o) = o**3 + 10*o**2 + 8*o - 3. Let c be n(-7). Calculate the greatest common divisor of m and c.
8
Let i(x) be the first derivative of x**2 - 6*x - 6. Let y be i(9). Let g be 126/294 - (-1)/7*165. What is the highest common factor of g and y?
12
Suppose 0 = -z + 1 + 1. Let g be 2*(118/28 + (-2)/(-7)). Suppose 162 = g*k - 0*k. Calculate the highest common factor of z and k.
2
Suppose 436 = 3*h + 2*p, -3*h = -5*p - 2667 + 2182. Let c be (15 + 0)*(3 - -22). Calculate the highest common divisor of h and c.
75
Suppose -33*d + 5623 = 33*d - 15167. Calculate the greatest common factor of 10206 and d.
63
Suppose -17*r - 2*r + 48731 = -79918. What is the highest common divisor of 222 and r?
111
Suppose -404 + 67 = -51*w + 530. What is the greatest common factor of 6664 and w?
17
Let x be (-397 + 256)*((-69)/9 - 2). What is the highest common factor of 235 and x?
47
Let u = -66 + 1. Let f be (-13)/(u/30) + 4. Suppose -2*m = -0 - f. Calculate the greatest common factor of m and 95.
5
Let w(t) = 2*t**3 - 24*t**2 - 10*t + 14. Let y be w(14). Suppose 2*v - y = -158. What is the highest common factor of v and 10?
10
Let r be 19 + (-10 - (-6 + -1)). Suppose 63 = 3*j - 369. What is the highest common factor of j and r?
16
Suppose 0 = 38*c - 74*c + 182016. What is the highest common factor of c and 96?
32
Let h = -320 + 131. Let g = 252 + h. What is the highest common factor of 14 and g?
7
Suppose -w + 3*i - 8 - 8 = 0, -2*w - 3*i - 32 = 0. Let r(a) = -9*a - 60. Let o be r(w). What is the highest common factor of o and 105?
21
Suppose 4*q - 1138 = u, -3*q - 18*u + 842 = -13*u. Let c be 4/(2 + -14)*-639. What is the greatest common factor of c and q?
71
Let s = 240 + -237. Suppose -4*r + 4*d + 108 = 0, 5*d = s*r - 28 - 59. Calculate the highest common factor of r and 264.
24
Suppose 4*u - 61*u + 5269 = -91346. Calculate the greatest common factor of 135 and u.
15
Let b be -1 + -3 - 6/(-3). Let g be b/6 - (-721)/3. Let m be 5/((-150)/(-12)) - 2220/(-75). Calculate the highest common divisor of m and g.
30
Suppose -21*y + 6545 = -1960. Calculate the greatest common factor of 2565 and y.
135
Let l be 4/12 + (-418)/(-6). Suppose -u + 6*u = 0. Let q(s) = -2*s + 28. Let a be q(u). What is the greatest common divisor of a and l?
14
Let t be 108 - -1 - 21/(-28)*56/42. What is the greatest common divisor of t and 280?
10
Let j be (-22)/(-7) + (-7)/49. Let o be j*6/(72/52). Suppose -9*d + 711 = -225. Calculate the greatest common divisor of o and d.
13
Let b(x) = x**3 + 37*x**2 - 76*x - 1408. Let l be b(-38). Calculate the highest common divisor of l and 3396.
12
Let w be (18/4)/(48/448). Let b = w - -9. Let f = -41 + b. What is the greatest common divisor of 4 and f?
2
Let p = -1539 - -1614. What is the greatest common factor of p and 720?
15
Let m(p) = 3*p - 11. Let j(u) = 18*u**2 + 